r when 1432187 is divided by 22?
9
Calculate the remainder when 4481633 is divided by 6709.
21
What is the remainder when 25059071 is divided by 168?
23
What is the remainder when 27084574 is divided by 592?
574
What is the remainder when 3320757 is divided by 349?
22
Calculate the remainder when 1998735 is divided by 999293.
149
What is the remainder when 1332307 is divided by 47576?
179
Calculate the remainder when 4689257 is divided by 440.
177
Calculate the remainder when 5938204 is divided by 26392.
4
What is the remainder when 788632 is divided by 788581?
51
What is the remainder when 133757 is divided by 66792?
173
Calculate the remainder when 5112269 is divided by 864.
845
What is the remainder when 1637992 is divided by 102373?
24
What is the remainder when 110123401 is divided by 171265?
6
Calculate the remainder when 605393 is divided by 52.
9
What is the remainder when 1021998 is divided by 232?
38
What is the remainder when 231307 is divided by 335?
157
Calculate the remainder when 4968125 is divided by 2818.
2809
What is the remainder when 24396619 is divided by 191?
189
What is the remainder when 71071813 is divided by 1979?
1965
Calculate the remainder when 50202646 is divided by 72.
70
What is the remainder when 3174958 is divided by 1831?
4
Calculate the remainder when 847006 is divided by 211621.
522
Calculate the remainder when 232917 is divided by 199.
87
Calculate the remainder when 482616 is divided by 241284.
48
Calculate the remainder when 236369 is divided by 239.
237
What is the remainder when 416920 is divided by 208440?
40
Calculate the remainder when 2714050 is divided by 208772.
14
What is the remainder when 2818529 is divided by 4?
1
What is the remainder when 36401295 is divided by 298?
297
What is the remainder when 410591517 is divided by 24?
21
What is the remainder when 18427662 is divided by 830?
2
What is the remainder when 728120875 is divided by 612?
607
Calculate the remainder when 4582974 is divided by 464.
46
What is the remainder when 10369190 is divided by 3738?
3716
What is the remainder when 1143926 is divided by 1848?
14
What is the remainder when 20452137 is divided by 73?
19
Calculate the remainder when 59149 is divided by 2858.
1989
Calculate the remainder when 116346 is divided by 55153.
6040
What is the remainder when 165489 is divided by 333?
321
Calculate the remainder when 61874 is divided by 6201.
6065
What is the remainder when 80606 is divided by 1050?
806
What is the remainder when 376285853 is divided by 36?
29
What is the remainder when 68129 is divided by 946?
17
What is the remainder when 126270 is divided by 3530?
2720
Calculate the remainder when 4228101 is divided by 64.
5
Calculate the remainder when 6172319 is divided by 140.
139
Calculate the remainder when 25664906 is divided by 15.
11
What is the remainder when 405528 is divided by 134940?
708
Calculate the remainder when 18178 is divided by 1422.
1114
What is the remainder when 67047 is divided by 1157?
1098
What is the remainder when 96020 is divided by 117?
80
Calculate the remainder when 405663 is divided by 12633.
1407
Calculate the remainder when 4869505 is divided by 157080.
25
What is the remainder when 49061 is divided by 15638?
2147
Calculate the remainder when 87027 is divided by 42568.
1891
Calculate the remainder when 8049610 is divided by 160.
10
Calculate the remainder when 429686 is divided by 396.
26
Calculate the remainder when 8094359 is divided by 2698001.
356
What is the remainder when 159914 is divided by 27?
20
Calculate the remainder when 4129274 is divided by 90.
74
What is the remainder when 246175 is divided by 99?
61
What is the remainder when 205641877 is divided by 673?
670
Calculate the remainder when 235277 is divided by 56.
21
Calculate the remainder when 8852937 is divided by 850.
187
Calculate the remainder when 1390780091 is divided by 26.
25
Calculate the remainder when 13943 is divided by 3460.
103
What is the remainder when 1268806 is divided by 4880?
6
What is the remainder when 1117417 is divided by 5173?
49
Calculate the remainder when 1647158 is divided by 1093.
7
Calculate the remainder when 18985330 is divided by 1993.
12
What is the remainder when 16606182 is divided by 710?
702
Calculate the remainder when 2420722 is divided by 14.
10
What is the remainder when 945032 is divided by 380?
352
Calculate the remainder when 5485867 is divided by 40636.
7
What is the remainder when 508801 is divided by 472?
457
Calculate the remainder when 920773 is divided by 1455.
1213
What is the remainder when 691432 is divided by 5010?
52
Calculate the remainder when 59572299 is divided by 41056.
43
Calculate the remainder when 69878 is divided by 585.
263
Calculate the remainder when 3211097 is divided by 58.
43
What is the remainder when 1393376 is divided by 18?
14
What is the remainder when 614539 is divided by 7981?
2
What is the remainder when 3097146 is divided by 49?
3
What is the remainder when 18669321 is divided by 533409?
6
Calculate the remainder when 4407769 is divided by 83165.
24
Calculate the remainder when 29848 is divided by 561.
115
What is the remainder when 10045868 is divided by 145?
123
Calculate the remainder when 213272 is divided by 291.
260
Calculate the remainder when 2084838 is divided by 694945.
3
Calculate the remainder when 27609 is divided by 394.
29
Calculate the remainder when 79904 is divided by 25246.
4166
What is the remainder when 295096 is divided by 446?
290
What is the remainder when 74317 is divided by 3537?
40
What is the remainder when 1174368 is divided by 629?
25
Calculate the remainder when 31758437 is divided by 997.
996
What is the remainder when 923972 is divided by 54?
32
Calculate the remainder when 289576 is divided by 41199.
1183
What is the remainder when 32232 is divided by 1711?
1434
Calculate the remainder when 3876838 is divided by 215379.
16
Calculate the remainder when 773465 is divided by 386654.
157
Calculate the remainder when 81514 is divided by 40745.
24
Calculate the remainder when 106456 is divided by 13278.
232
What is the remainder when 63605537 is divided by 35?
2
Calculate the remainder when 3892306 is divided by 51.
37
What is the remainder when 1650036 is divided by 4741?
168
Calculate the remainder when 958637 is divided by 1783.
1166
What is the remainder when 1418991 is divided by 8347?
1
Calculate the remainder when 970659 is divided by 323552.
3
What is the remainder when 82632434 is divided by 41?
9
What is the remainder when 4525712 is divided by 905122?
102
Calculate the remainder when 3055504 is divided by 20.
4
Calculate the remainder when 27485 is divided by 2904.
1349
Calculate the remainder when 59620 is divided by 28865.
1890
Calculate the remainder when 482741 is divided by 120672.
53
What is the remainder when 2473613 is divided by 6?
5
Calculate the remainder when 524044 is divided by 18.
10
What is the remainder when 55936 is divided by 27484?
968
Calculate the remainder when 4940058 is divided by 420.
18
What is the remainder when 15584553 is divided by 36?
9
What is the remainder when 20737069 is divided by 244?
241
What is the remainder when 568099 is divided by 111?
1
Calculate the remainder when 1320942 is divided by 10412.
9030
What is the remainder when 62977 is divided by 2031?
16
Calculate the remainder when 333461424 is divided by 167.
166
Calculate the remainder when 66584075 is divided by 39.
38
Calculate the remainder when 6714 is divided by 4595.
2119
What is the remainder when 1037909 is divided by 2883?
29
What is the remainder when 57457382 is divided by 177?
173
Calculate the remainder when 10859 is divided by 1023.
629
What is the remainder when 475399 is divided by 3658?
3517
What is the remainder when 4536939 is divided by 106?
33
What is the remainder when 53976 is divided by 13394?
400
What is the remainder when 450735 is divided by 19587?
234
What is the remainder when 121790 is divided by 24334?
120
What is the remainder when 17688 is divided by 16816?
872
Calculate the remainder when 1282918 is divided by 1677.
13
What is the remainder when 364930 is divided by 1519?
370
What is the remainder when 134819 is divided by 3373?
3272
Calculate the remainder when 3210072 is di